 q + 2. What is the hundreds digit of s(-1)?
8
Suppose 0 = -y + 48 - 12. Suppose -2*a = -5*w - 26, 4*w = 3*a - w - 39. Let r = a + y. What is the tens digit of r?
4
Let k(f) = -f**2 - 7*f + 20. Let n(p) = 8*p - 20. Let a be (7 - 6)/(1/(-4)). Let b(l) = a*k(l) - 3*n(l). What is the hundreds digit of b(-6)?
1
Let d = 2625 - 2212. What is the units digit of d?
3
Let n(t) = 0*t - 13 - 3*t + 4*t + 41. Let j(q) = q**2 - 15*q + 4. Let l be j(13). What is the units digit of n(l)?
6
Let b(d) = -d**3 + 9*d**2 - d + 13. Let c be b(9). Suppose 0 = -m - 4*h - 37 - c, 0 = 5*m + 2*h + 277. Let s = m + 100. What is the tens digit of s?
4
Let v be ((-7)/(-1))/7*16. Suppose 2*s = -11*m + v*m - 4253, 2*m - 4*s = 1698. What is the units digit of m?
1
Let d(q) = q**3 - 7*q**2 + q - 3. Let c be d(7). Let z = c - 1. Suppose 14 = -2*a - 4*s, -z*a - 5*s - 31 = -14. What is the units digit of a?
1
Suppose r - 5*m = 5, -3*r - 2*r = -5*m - 25. Suppose -5*v - 3*k + 821 = 16, -805 = -5*v - r*k. What is the hundreds digit of v?
1
Suppose 55 = g - 7*d + 2*d, 3*g + 2*d = 148. Suppose 0 = -44*c + g*c - 3000. What is the units digit of c?
0
Suppose -12 = 3*o, 0*o + 24 = 5*n - o. Suppose 0 = -2*z + p + 121, n*p = 3*p + 1. What is the units digit of z?
1
Let w(y) be the first derivative of -25*y**2/2 - 2*y - 1. Let g(m) = 7*m**3 + 51*m**2 + 28*m + 91. Let c be g(-7). What is the tens digit of w(c)?
7
Let s(i) = 9*i**2 - i + 15. Let d(o) = 5*o**2 - o + 8. Let w(b) = -11*d(b) + 6*s(b). Let k be w(7). Let r = k + 25. What is the tens digit of r?
1
Suppose 4*y + l - 132172 = 0, -49*y - 4*l = -50*y + 33077. What is the ten thousands digit of y?
3
Suppose 3*b - 5*x = -0*x + 4, 2*b + x = 7. Suppose 0*w + b*v = -3*w + 9, -4*w + 3*v = 9. Suppose w = 5*n - 0*n - 35. What is the units digit of n?
7
Suppose 508*p - 212*p - 9523208 = 0. What is the ten thousands digit of p?
3
Suppose 122*z + 859386 = 180*z. What is the hundreds digit of z?
8
Let n be 4 + 90 + -9*(-10)/(-15). Let b = -14 - -16. Suppose 42 - n = -b*h. What is the tens digit of h?
2
Suppose -5*h + 9*h - 80 = 0. Suppose 12*g - 8*g = h. Suppose -3*y - 311 = -g*o, 0*y = -o + 3*y + 55. What is the tens digit of o?
6
Let f(c) be the first derivative of 37*c**3/3 - 5*c**2 - 16*c - 22. Let n be f(-6). Suppose 2*v - n = -14*v. What is the units digit of v?
6
Let b(w) = 24 + 116*w**2 - 343*w**2 - 24*w + 170*w**2 - 3*w**3 + 5*w**3. What is the units digit of b(29)?
9
What is the thousands digit of -2616*(3 + 133/(-38))?
1
Suppose 6*x = -n + 4*x + 54, x - 93 = -2*n. Suppose n - 1294 = -5*l. What is the hundreds digit of l?
2
Suppose 2*p - 26 = 2*h, -54 = -2*p - p - 2*h. Let b be (-52)/(-16) - 4/p. Suppose b*f - 3*y = 90, 4*f - 5*y - 107 = 10. What is the units digit of f?
3
Suppose -4*s - a + 134572 = 0, 419*s - 2*a - 67296 = 417*s. What is the thousands digit of s?
3
Let u(b) be the third derivative of 41/6*b**3 + 20*b**2 + 0*b - 1/6*b**4 + 0. What is the tens digit of u(-6)?
6
Let m be (-1)/((-9)/36 + (-1)/4). Let s be ((-1 - -2) + -1)*(-4 - -3). Suppose -2*j = m*q - 4*j - 174, s = q - 4*j - 99. What is the units digit of q?
3
Let h(f) be the third derivative of -16*f**4 - 2*f**3/3 - 22*f**2. Let n(u) = -128*u - 1. Let i(j) = 3*h(j) - 8*n(j). What is the hundreds digit of i(-1)?
1
Suppose 0 = -5*h - 2*a + 7445, -2978 = -2*h + 18*a - 13*a. What is the units digit of h?
9
Suppose u + 126 = r - u, 5*r = 2*u + 654. Suppose 28*m = 22*m + r. Let i = 55 - m. What is the units digit of i?
3
Let x(d) be the second derivative of d**5/10 + 11*d**4/3 - 13*d**3/3 - 19*d**2/2 - 146*d. What is the hundreds digit of x(-22)?
5
Let s(o) = 20*o - 24. Let t be s(35). Suppose 7*m = 9*m - t. What is the units digit of m?
8
Let h be 3*-2*(-1023)/9. Suppose g + 41 - h = 0. What is the tens digit of g?
4
Let r(l) = -13*l + 67. Let t be r(9). Let o = 54 + t. What is the units digit of o?
4
Suppose 72*w - 4*x = 68*w + 13644, 0 = -4*w - x + 13634. What is the thousands digit of w?
3
Let s = -471 - -319. What is the tens digit of (120/32)/((-3)/s)?
9
Let i(l) = 53*l + 4442. What is the units digit of i(-71)?
9
Let l(k) = -k**3 + 3*k**2 + 11*k - 2. Let y be l(5). Suppose -q + 2391 = y*o, -14 - 1 = 5*q. What is the tens digit of o?
9
Let y(g) = -g**3 - 3*g**2 - 3*g. Let c be 22/8 + -3 + 14/(-8). Let u be y(c). Suppose -f = -k + u*f + 3, 3*k - 4*f - 9 = 0. What is the units digit of k?
3
Let g = -170 - -178. Suppose -16*c + 3640 = -g*c. What is the hundreds digit of c?
4
Let d = -557 + 978. Suppose -u = 232 - d. What is the tens digit of u?
8
Let i(t) = 321*t - 25. Let b(u) = -321*u + 25. Let l(h) = -7*b(h) - 6*i(h). What is the units digit of l(1)?
6
Let q be 7 + ((-104)/28 - (-2)/(-7)). Suppose 5*o = 3*n + 2 - 36, q*n + 6 = -3*o. Let z(t) = 10*t**2 - t - 5. What is the units digit of z(n)?
2
Suppose 3*a + 8*n - 3*n + 731 = 0, -n = -a - 241. Let c = -326 - -204. Let y = c - a. What is the hundreds digit of y?
1
Suppose -9*d + 16162 = -67754. Suppose 16*b = 10*b + d. What is the tens digit of b?
5
Suppose -145917 = -3*j - 2*b, -b = -5*j + 1519 + 241702. What is the units digit of j?
3
What is the ten thousands digit of (-92)/(-8 - 3972/(-497))?
1
Suppose -4762065 = -78*l - 139*l. What is the units digit of l?
5
Let n(a) = 1231*a**3 - 2*a**2 + a + 1. Suppose 0 = 2*l + 3*y - 11, -4*l = 2*y - 8 - 2. What is the tens digit of n(l)?
3
Let h(j) = j**3 + 16*j**2 + 18*j + 29. Let u be h(-15). Let q be 0 - (0/(-4) - u). What is the units digit of 9/(252/q)*-14?
8
Let j(k) = k**3 - 17*k**2 + 21*k + 38. Let x(c) = c + 23. Let u(h) = h**2 - 8*h - 7. Let q be u(8). Let t be x(q). What is the hundreds digit of j(t)?
1
Let n = 73967 - 38399. What is the ten thousands digit of n?
3
Let g be ((-24)/15 - -1) + (-108)/20. Let d be (-5)/(105/105288) - g/(-21). What is the units digit of 20/(-150) + d/(-30)?
7
Let y = 10585 + -5621. What is the units digit of y?
4
Suppose 29*z = 38*z - 99. Let h(j) = 33*j + 25. What is the units digit of h(z)?
8
Let l(b) = -3*b**2 - 14*b + 4. Suppose -5*y + 25 = -3*v - 9*y, 1 = -3*v + 2*y. What is the tens digit of l(v)?
1
Suppose -17006 = -13*u + 22228. What is the hundreds digit of u?
0
What is the tens digit of 799*(16 + -11 + 6)?
8
Let g = 18030 + -10865. What is the hundreds digit of g?
1
Let m = 35492 - 17775. What is the ten thousands digit of m?
1
Let n = 628 - 256. Suppose -3*w + n = 4*j - 7*j, 228 = 2*w + 3*j. What is the hundreds digit of w?
1
Let q(y) = 303*y**2 + 6*y - 5. Let o(v) = v**3 - 28*v**2 - 61*v + 31. Let i be o(30). What is the hundreds digit of q(i)?
3
Suppose 0 = -2*q - b + 5520, 4*q = 9*q - b - 13786. What is the hundreds digit of q?
7
Suppose -21296 = -16*d - 6864. What is the tens digit of d?
0
Suppose 3*o + 2*j = -o - 62, -5*j = -2*o - 37. Let z be ((4 - 1) + o)/(-1). Suppose 2030 = u + z*u. What is the tens digit of u?
4
Let o = -14327 + 15124. What is the units digit of o?
7
Let k be (-2 + 1 - 2) + (19 - 3). Let y(t) = t**3 - 12*t**2 - 13*t - 5. Let i be y(k). Let r(w) = 9*w**2 + 6*w + 7. What is the tens digit of r(i)?
0
Suppose -17*j = -9*j - 56. Suppose -c = -3*g + 34, j*g = 8*g - 5. Let b = c - -136. What is the tens digit of b?
1
Let k be (-2)/(-2)*(-2 - -21). Let x = 20 - k. What is the units digit of ((-76)/2)/(x + -3 + 1)?
8
Let p(o) = -691*o + 9164. What is the units digit of p(0)?
4
Suppose -53566 = -4*a - v, -a = -v - 6293 - 7091. What is the hundreds digit of a?
3
Suppose -3*v - 110 = -2*v - 3*g, -3*v - 322 = -5*g. Let s = 137 - 134. What is the tens digit of (v/(-12))/(s/18)?
5
Suppose -100*r - 14*r + 1206992 = -2113030. What is the hundreds digit of r?
1
Let p = -595 - 33. Let b = 1232 + p. What is the units digit of b?
4
Let w = 403 + -250. Let q = 374 - w. Let d = q + -130. What is the units digit of d?
1
Suppose -144 = -5*y - 4. Suppose -h = -5*o - y, 11 = -2*h - h - 4*o. Suppose 4*l - 2*d - 138 = 0, -6 = -h*d + 9. What is the units digit of l?
7
Suppose x - 5*o - 29806 + 1251 = 0, 2*o = 4*x - 114274. What is the thousands digit of x?
8
Let t(j) = 209*j + 62. Let s be t(12). What is the units digit of (-20)/(-30) - s/(-6)?
9
Suppose -2970 = 10*h - 0*h. Let b = 582 + h. What is the units digit of (5/(-45)*3)/((-1)/b)?
5
Suppose 1030 = -3*b + 994. Let s(t) = -t**2 - 17*t - 5. What is the units digit of s(b